False
Does 398 divide 83568856?
True
Does 1025 divide 2196954250?
True
Is 4289 a factor of 80667631?
False
Is 9709475 a multiple of 640?
False
Is 205418216 a multiple of 767?
False
Is 13 a factor of 5106427?
False
Is 201 a factor of 200509359?
True
Is 2903 a factor of 69565668?
False
Is 31 a factor of 4772915?
True
Does 220 divide 21631558?
False
Does 4485 divide 1913780895?
True
Does 2 divide 6579537?
False
Does 136 divide 68793560?
True
Is 94 a factor of 16213678?
False
Does 33 divide 12025355?
False
Does 861 divide 2855076?
True
Does 3570 divide 281304010?
False
Does 74 divide 74987608?
False
Is 3427 a factor of 63619212?
False
Is 244644800 a multiple of 2140?
True
Does 506 divide 75675717?
False
Is 2278464 a multiple of 94?
False
Does 972 divide 59931738?
False
Does 2077 divide 17539633?
False
Is 103 a factor of 40198943?
True
Is 105 a factor of 71192447?
False
Does 319 divide 1930525821?
False
Does 798 divide 39489828?
True
Is 1198 a factor of 47542189?
False
Is 51 a factor of 57803400?
True
Does 1682 divide 77593935?
False
Is 437 a factor of 252643125?
False
Does 1079 divide 825179539?
False
Does 241 divide 39129474?
False
Does 6162 divide 202255326?
True
Is 48483236 a multiple of 1658?
True
Does 10 divide 666706849?
False
Is 362404560 a multiple of 2415?
True
Is 50 a factor of 123421143?
False
Does 24 divide 347527304?
False
Is 132546121 a multiple of 2801?
True
Does 31 divide 405536885?
True
Is 194727168 a multiple of 348?
False
Does 150 divide 2073820124?
False
Is 2723273 a multiple of 59?
False
Is 126214869 a multiple of 1969?
True
Is 1179029769 a multiple of 20?
False
Does 6526 divide 241674895?
False
Does 6 divide 269158687?
False
Does 29 divide 6351275065?
True
Is 9284 a factor of 106757809?
False
Does 8 divide 27528684?
False
Does 933 divide 15895521?
True
Does 4 divide 13935176?
True
Is 15 a factor of 229180320?
True
Is 21 a factor of 244437879?
True
Is 392053410 a multiple of 266?
True
Is 131425138 a multiple of 13?
True
Does 955 divide 689476575?
True
Is 670 a factor of 168801810?
True
Is 724 a factor of 699677488?
False
Is 30288713 a multiple of 1162?
False
Is 76 a factor of 37489280?
True
Is 120 a factor of 231106320?
True
Is 587 a factor of 83572678?
False
Does 78 divide 1055922738?
True
Is 4 a factor of 62203332?
True
Does 96 divide 360161846?
False
Does 3266 divide 1481209384?
True
Does 13 divide 301011630?
False
Is 12998454 a multiple of 6?
True
Does 252 divide 134843619?
False
Does 9 divide 951075630?
True
Does 373 divide 31415179?
True
Is 610142572 a multiple of 1076?
True
Is 440 a factor of 347298635?
False
Is 2348 a factor of 156603471?
False
Is 40006790 a multiple of 342?
False
Is 253339706 a multiple of 87?
False
Does 136 divide 543569625?
False
Is 19 a factor of 2472217070?
False
Does 425 divide 32725000?
True
Is 298818388 a multiple of 1931?
True
Does 638 divide 316025545?
False
Does 71 divide 22400997?
True
Does 36 divide 3106642?
False
Is 478727597 a multiple of 761?
True
Does 4 divide 94273724?
True
Is 819530236 a multiple of 917?
True
Is 22 a factor of 231853248?
True
Is 1792449204 a multiple of 2141?
False
Does 273 divide 13957125?
True
Does 36 divide 17809493?
False
Is 25071697 a multiple of 1259?
False
Is 19 a factor of 8411984?
True
Does 292 divide 60264726?
False
Is 689032409 a multiple of 12?
False
Does 1230 divide 312435990?
True
Is 3171 a factor of 332450811?
True
Is 293085901 a multiple of 2?
False
Does 3 divide 5324973?
True
Is 22 a factor of 41788438?
False
Is 3905802 a multiple of 8?
False
Does 72 divide 6012648?
True
Is 834985129 a multiple of 109?
False
Does 4 divide 767817356?
True
Is 1975 a factor of 120469075?
True
Is 9777532 a multiple of 68?
False
Is 293351936 a multiple of 736?
True
Does 302 divide 31975723?
False
Does 8 divide 4869703?
False
Is 1269 a factor of 21427065?
True
Is 61 a factor of 9012693?
False
Is 108 a factor of 6211836?
True
Does 87 divide 3781338?
False
Does 118 divide 56817000?
True
Is 29139663 a multiple of 64?
False
Is 26051916 a multiple of 6?
True
Is 13904108 a multiple of 516?
False
Is 1459 a factor of 115407088?
False
Is 1178082540 a multiple of 20?
True
Does 4 divide 171514945?
False
Is 2085 a factor of 331143226?
False
Is 48057009 a multiple of 231?
True
Is 39255318 a multiple of 291?
True
Does 127 divide 292355566?
False
Is 3235 a factor of 937972983?
False
Is 785 a factor of 179664520?
True
Does 105 divide 254272725?
True
Does 821 divide 476125845?
False
Is 17677374 a multiple of 52?
False
Does 2 divide 40298656?
True
Is 216 a factor of 685085688?
True
Does 5 divide 2831980?
True
Does 452 divide 4318408?
True
Is 40 a factor of 504302000?
True
Is 80248500 a multiple of 150?
True
Is 178 a factor of 24034401?
False
Is 2263 a factor of 108811829?
True
Does 233 divide 57011300?
False
Is 1539 a factor of 2261318877?
True
Is 1331 a factor of 142129504?
True
Is 31 a factor of 104283435?
False
Is 43268496 a multiple of 135?
False
Is 4476 a factor of 287979673?
False
Is 153345244 a multiple of 566?
False
Is 49126343 a multiple of 133?
True
Does 163 divide 4917760?
False
Is 243713716 a multiple of 311?
False
Does 102 divide 65690856?
True
Is 155 a factor of 446065510?
True
Is 262506824 a multiple of 8?
True
Is 404 a factor of 154264168?
True
Is 1670829742 a multiple of 144?
False
Is 18 a factor of 837213317?
False
Is 714 a factor of 443556078?
True
Is 46700151 a multiple of 21?
False
Is 8 a factor of 716121112?
True
Is 606204513 a multiple of 477?
True
Is 32 a factor of 285574208?
True
Does 10 divide 532042170?
True
Is 67 a factor of 63985536?
True
Is 7318343 a multiple of 2?
False
Is 1013299852 a multiple of 1959?
False
Is 16 a factor of 436565822?
False
Does 10 divide 35820200?
True
Is 187 a factor of 14444569?
False
Does 9469 divide 4830458846?
True
Is 176786150 a multiple of 3?
False
Is 1354694 a multiple of 6?
False
Does 10 divide 140438880?
True
Does 327 divide 97601355?
False
Does 1254 divide 519001758?
True
Is 178 a factor of 101929483?
False
Is 411657074 a multiple of 16?
False
Is 192731157 a multiple of 3018?
False
Is 49939682 a multiple of 214?
True
Is 281426900 a multiple of 1030?
True
Is 137 a factor of 1328223?
False
Is 36 a factor of 101480652?
True
Is 11 a factor of 61086641?
True
Does 89 divide 125330156?
True
Is 19 a factor of 970959?
False
Is 88 a factor of 1499916880?
True
Is 101 a factor of 28928016?
True
Does 41 divide 16911212?
False
Does 110 divide 20223658?
False
Does 22 divide 2138273517?
False
Is 32451818 a multiple of 2016?
False
Is 25765642 a multiple of 17?
True
Is 9 a factor of 46356471?
True
Is 14 a factor of 203147816?
False
Does 1426 divide 32638429?
False
Does 46 divide 137359157?
False
Does 1030 divide 10821180?
True
Is 109 a factor of 1661487?
True
Does 361 divide 3998348699?
False
Does 112 divide 182899584?
True
Is 129387338 a multiple of 33?
False
Is 11 a factor of 2483459?
True
Is 621283440 a multiple of 7128?
False
Is 27529963 a multiple of 4?
False
Does 3 divide 109660858?
False
Is 35497520 a multiple of 12?
False
Is 177896964 a multiple of 14?
True
Does 34 divide 262385700?
False
Is 12 a factor of 4979472?
True
Is 50 a factor of 1162175556?
False
Does 114 divide 140936741?
False
Is 56646166 a multiple of 467?
True
Is 35 a factor of 9415630?
True
Does 1862 divide 51193828?
True
Is 111782986 a multiple of 171?
False
Is 1213021682 a multiple of 8?
False
Is 323204 a multiple of 49?
True
Is 999 a factor of 124343532?
True
Is 572305570 a multiple of 31?
True
Does 662 divide 57298086?
True
Is 22040733 a multiple of 181?
False
Is 11 a factor of 34508705?
True
Is 236 a factor of 289252692?
True
Does 352 divide 79773875?
False
Does 558 divide 6876589?
False
Does 7535 divide 3225932192?
False
Is 11 a factor of 24236310?
False
Is 2028338046 a multiple of 4365?
False
Is 548045465 a multiple of 25?
False
Does 948 divide 25131168?
False
Is 844905212 a multiple of 146?
True
Is 161 a factor of 91361221?
True
Does 586 divide 117678406?
False
Is 1780650 a multiple of 54?
True
Does 9 divide 514993455?
True
Is 159059754 a multiple of 798?
True
Is 732937904 a multiple of 48?
False
Does 59 divide 637175715?
False
Does 64 divide 6940991?
False
Does 19 divide 773157846?
False
Is 178 a factor of 172605176?
True
Does 9 divide 165926932?
False
Is 3137 